)/(-735))?
2, 1259
Suppose -7156 = -13*i - 1995. List the prime factors of i.
397
What are the prime factors of ((-621)/138)/((0 + -2)/124)?
3, 31
Let l = 87 + -40. Let r = 131 - l. What are the prime factors of r?
2, 3, 7
Suppose 31*b - 16*b = 465. What are the prime factors of b?
31
Let k be -1*(-1 + (2 - 0)). Let w be k*10*(-10)/20. Suppose 0 = w*b - 6*b + 15. What are the prime factors of b?
3, 5
Let n be 4/3*(-126)/(-4). Suppose -38*m + n*m = 1268. What are the prime factors of m?
317
Suppose m = -x, -5*x + 4*m + 4 = 8*m. Suppose -2*t + x*g = -g - 58, 2*t - 38 = -5*g. What are the prime factors of t?
2, 3
Let d be 6*(-5)/20 - (-14)/4. Suppose -l - d = -182. List the prime factors of l.
2, 3, 5
Let f(p) = -4*p**2 - p. Let a = -17 - -13. Let c(n) = -n**2. Let d(o) = a*c(o) - f(o). What are the prime factors of d(-1)?
7
Suppose u - 201 = -2*u. Suppose -2*l + 87 = -u. What are the prime factors of l?
7, 11
Let c be -30 - ((-15)/3 - -4). Let t = 31 + c. Suppose -5*q + 152 = m + t*m, -m + q = -64. What are the prime factors of m?
59
Suppose 0 = -2*p - 1121 + 95. Let f = p + 833. What are the prime factors of f?
2, 5
Suppose 0*p = 2*p - 2. Suppose f = 4*f - s - 1, 0 = -s - p. Suppose 4*c - 140 = -2*v, 4*c + f*v - 140 = 4*v. What are the prime factors of c?
5, 7
Let l(c) = c**3 - 7*c**2 + 10*c + 5. Let v be l(5). Suppose -126 = -v*g + 124. What are the prime factors of g?
2, 5
Suppose 1810 = -10*g + 15*g. Suppose g = 4*u - 0*u + 2*r, -u = -5*r - 63. List the prime factors of u.
2, 11
Suppose 3*x + 15*x = 17136. List the prime factors of x.
2, 7, 17
Let q(y) = 68*y**2 + 52*y - 12. List the prime factors of q(-5).
2, 3, 7, 17
Let r(o) = -o**3 - 7*o**2 - 2*o - 9. Suppose -22 = 5*d + 13. Let x be r(d). Suppose -x*t - 48 = -2*l, l - t - t = 24. List the prime factors of l.
2, 3
Suppose -513 = -3*o + 357. What are the prime factors of o?
2, 5, 29
Suppose -10 = c + 4*c, -4*c - 9 = -t. Let a be (t*(-6 - -2))/(-2). Suppose 3*g = a*y - 28, -3*y + 3*g = -4 - 41. List the prime factors of y.
17
Let r be -2*(2 + -3) + 451. Suppose 7*a - 10*a + r = 0. What are the prime factors of a?
151
Let j = -191 - -2536. What are the prime factors of j?
5, 7, 67
Suppose 29*o + 780 = 34*o. Let r = -40 + o. What are the prime factors of r?
2, 29
Let a = 8 - -10. List the prime factors of (((-462)/a)/7)/(1/(-6)).
2, 11
Let w(b) = b**2 - 10*b - 21. Let f be w(9). Let a = 36 - f. List the prime factors of a.
2, 3, 11
Let x(v) be the first derivative of -v**2 + 69*v - 7. List the prime factors of x(0).
3, 23
Let j = 2486 - 730. List the prime factors of j.
2, 439
Let k = -167 + 73. Let z = 179 + k. Suppose 6*w - z - 95 = 0. What are the prime factors of w?
2, 3, 5
Suppose -5 = 4*w - 3*w. Let x = w + 3. List the prime factors of x + 4 - 1 - -24.
5
Let z(x) = -2*x**2 + 14*x - 7. Let w be z(6). What are the prime factors of (-2 - 0) + 105/w?
19
Let j = 96 - -11. What are the prime factors of j?
107
Let m = -42 + 39. Let g be (17/m + 4)*-3. Suppose -3*b + g*b = -3*p + 77, 5*b + 72 = 4*p. List the prime factors of p.
23
Let j = 13 - 13. Suppose 4*p + 3*s = 247, 0 = -5*p - j*p - 3*s + 308. What are the prime factors of p?
61
Suppose -5*m = -3*t + 691, 0 = 3*t + m - 3*m - 694. What are the prime factors of t?
2, 29
Let x(u) = -u + 7. Let v be x(6). Let w be (2 - v - 1) + 5. Suppose 0 = -w*f - 5*b + 90, 4*f + 5*b - 2*b = 69. What are the prime factors of f?
3, 5
Suppose -3*v + g = -12768, -107*v + 8512 = -105*v + 4*g. List the prime factors of v.
2, 7, 19
Let y(g) = 26*g + 14. Let z be y(11). Suppose 4*k - z = -24. List the prime factors of k.
3, 23
Let o be -1*(0 - (106 + 1 - -4)). Let x = o - 66. List the prime factors of x.
3, 5
Let r(i) = 73*i**2 + 31*i - 196. List the prime factors of r(6).
2, 7, 11, 17
Let q be -1 - 7/(1 - 2). Suppose -4*k - q = 3*j - 7*k, 0 = 2*j + k - 2. Suppose u - 5*a = 58, -2*a = -j*a + 2. List the prime factors of u.
53
List the prime factors of 6/(-10) + -1 + 42530/50.
3, 283
Let l be 3 - (3 + -3 - 1). Suppose 19 = l*v - 17. Suppose j = d + 3, -v = j - 4*d - 3. List the prime factors of j.
2, 3
Suppose -10863 = 226*q - 235*q. List the prime factors of q.
17, 71
Suppose -16*i + 23*i + 3780 = 0. List the prime factors of ((-2)/(-6)*2)/((-9)/i).
2, 5
Let m = -37 + 39. Suppose -m*w + 48 = -w. What are the prime factors of w?
2, 3
What are the prime factors of (7 - -8)*(-609)/(-15)?
3, 7, 29
Let s(x) = -17*x - 70. What are the prime factors of s(-10)?
2, 5
Suppose -15*q + 1046 = -2989. What are the prime factors of q?
269
Suppose -177*d + 147*d = -133500. List the prime factors of d.
2, 5, 89
Suppose 0 = -10*i + 3121 + 3869. What are the prime factors of i?
3, 233
Let b be (-102)/4 - (-7)/14. Let n = 63 + b. What are the prime factors of n?
2, 19
Let v(w) = w**2 - 7*w + 16. Let f be v(4). Suppose 3*i + 170 = f*y + 8*i, 3*i - 206 = -5*y. List the prime factors of y.
2, 5
Suppose -4*w + 165 = a, -7*w = 3*a - 2*w - 509. Let v = a - 4. What are the prime factors of v?
13
Let q(d) = 4*d. Let w be q(17). Let t = 27 + w. What are the prime factors of t?
5, 19
Let q = -47 - -71. Suppose -4*c = -3*d + 152 + 48, -3*c - 201 = -3*d. Let f = d - q. What are the prime factors of f?
2, 11
Let m(a) = -5*a**3 - 3*a**2 + 7*a + 1. What are the prime factors of m(-4)?
5, 7
Let q = 81 - 48. Let p = 18 - q. Let r = 36 + p. What are the prime factors of r?
3, 7
Let m(d) = 3*d**3 - d**2 + 2*d - 1. Let p be m(1). Suppose -p*b + 286 = -47. What are the prime factors of b?
3, 37
Let a(c) = 3*c**3 + 2*c**2 + 3*c - 6. Let q be a(-5). Let z = q - -487. List the prime factors of z.
3, 47
Let w(l) = l**2 - l + 2. Let c be w(1). Let a(t) = 42*t**2 + 22*t**2 - t - 3*t**2 + 2*t**c. What are the prime factors of a(-1)?
2
Suppose -3*n - 7 - 3 = 4*q, 4*n - 5*q = -3. List the prime factors of (-7356)/(-24) - 1/n.
307
Let y(m) = m - 1. Let u be y(2). Suppose -u - 9 = -5*d. Suppose d*a = -2*a + 128. List the prime factors of a.
2
Let t = 2111 + -1422. What are the prime factors of t?
13, 53
Let x = -347 + 502. List the prime factors of x.
5, 31
Let a(w) = -122*w + 208. List the prime factors of a(-5).
2, 409
Suppose -3*v + 14 = 2. Suppose 4*l - 7 = v*z + 5, 5*z - 4*l = -12. Suppose z*f - 3*f = -42. What are the prime factors of f?
2, 7
Suppose -2*h - 54 = -150. What are the prime factors of h?
2, 3
Let d = 1686 - -544. List the prime factors of d.
2, 5, 223
Let f(b) = 3*b**2 - b - 54. What are the prime factors of f(-11)?
2, 5
Suppose -4*m = -4*q - 0*q - 8, 4*q + 2 = m. Let f(p) = -p**3 + p + 2*p**3 - 5*p - 4 - 4*p**m - 4*p**3. List the prime factors of f(-3).
53
Suppose 2*j + n + 10 = 0, j - 6 = -0*n + 5*n. List the prime factors of 65/(0 - (3 + j)).
5, 13
Let c(a) = -a**3 - 6*a**2 + a + a**2 + 3*a. Let y be ((-9)/(-2))/((-19)/4 + 4). What are the prime factors of c(y)?
2, 3
Let p = 16 + -16. Suppose 4*t - y - 51 = 0, 3*t + p*y + 4*y = 43. List the prime factors of t.
13
Let b = 19 - 17. List the prime factors of b/13 + 284/13.
2, 11
Let w be -4 + 0/(-6) + 6. Suppose 10 = k + 5*g, 3*g = -3*k - g + 74. Suppose w*u - k = 24. What are the prime factors of u?
3
What are the prime factors of (9/(765/12886))/((-1)/(-5))?
2, 379
Suppose -3*u + 3*n - 6 = 3, u - 2*n = -5. Let v be 2*(110/4 + u). Suppose 3*d - 1 = v. List the prime factors of d.
2, 3
Let c(g) = g**3 - 8*g**2 + 10*g. Let z = 8 - 3. Suppose -z*m + 35 = -0. List the prime factors of c(m).
3, 7
Let w(q) = q**3 + 3*q**2 - 2*q. Let r be w(-3). Let u be r/(-21) - (-382)/14. Suppose -z = -14 - u. What are the prime factors of z?
41
Suppose 0 = 5*k + 3*a - 1046, 5*a = -11*k + 7*k + 842. List the prime factors of k.
2, 13
Suppose 2*y - 11 - 145 = -5*h, -4*y - 8 = 0. Let u be 1/2 + 4592/h. Suppose -3*i + u = -0*b - 3*b, -3*i + 144 = -4*b. What are the prime factors of i?
2, 3
Let q be -5 + 5 - 20/2. Let n = -8 - q. Suppose -n*m - 2 = -36. What are the prime factors of m?
17
Let x(u) = -u**3 + 11*u**2 - 10*u - 3. Let h be x(10). List the prime factors of (1 - 22)*2/h.
2, 7
What are the prime factors of 8/40 - (-3)/30*1238?
2, 31
Let d(n) = 158*n - 581. What are the prime factors of d(7)?
3, 5, 7
Suppose 0 = -a + 4*a - 3*q - 14694, -3*a + 14680 = 4*q. What are the prime factors of a?
2, 3, 17
Suppose -8 = -5*r - 3. Let n be (-16)/(r/(-2)*-2). Let z = 